{"id":1221,"date":"2021-03-03T11:14:31","date_gmt":"2021-03-03T14:14:31","guid":{"rendered":"http:\/\/www.maltexco.com\/web\/?page_id=1221"},"modified":"2021-04-16T13:19:52","modified_gmt":"2021-04-16T16:19:52","slug":"extra-pale","status":"publish","type":"page","link":"https:\/\/www.maltexco.com\/web\/productos\/patagonia-malt\/maltas-base\/extra-pale\/","title":{"rendered":"Extra Pale"},"content":{"rendered":"\n<div class=\"wp-block-group banner1\"><div class=\"wp-block-group__inner-container is-layout-flow wp-block-group-is-layout-flow\">\n<figure class=\"wp-block-image size-full is-resized\"><img loading=\"lazy\" decoding=\"async\" src=\"http:\/\/www.maltexco.com\/web\/wp-content\/uploads\/fondo-tit-patagonia6-web.png\" alt=\"\" class=\"wp-image-882\" width=\"1149\" height=\"105\" srcset=\"https:\/\/www.maltexco.com\/web\/wp-content\/uploads\/fondo-tit-patagonia6-web.png 1149w, https:\/\/www.maltexco.com\/web\/wp-content\/uploads\/fondo-tit-patagonia6-web-300x27.png 300w, https:\/\/www.maltexco.com\/web\/wp-content\/uploads\/fondo-tit-patagonia6-web-1024x94.png 1024w, https:\/\/www.maltexco.com\/web\/wp-content\/uploads\/fondo-tit-patagonia6-web-768x70.png 768w\" sizes=\"(max-width: 709px) 85vw, (max-width: 909px) 67vw, (max-width: 1362px) 62vw, 840px\" \/><\/figure>\n\n\n\n<p class=\"links-patagonia\"><a href=\"http:\/\/www.maltexco.com\/web\/productos\/patagonia-malt\/\" data-type=\"page\" data-id=\"178\"><strong><span class=\"has-inline-color has-dark-gray-color\">Patagonia Malt<\/span><\/strong><\/a> &gt; <a href=\"http:\/\/www.maltexco.com\/web\/productos\/patagonia-malt\/maltas-base\/\" data-type=\"page\" data-id=\"439\">Malta base<\/a> &gt; <span class=\"has-inline-color has-bright-blue-color\">Extra Pale<\/span> | <a href=\"http:\/\/www.maltexco.com\/web\/productos\/patagonia-malt\/maltas-base\/pilsen\/\" data-type=\"page\" data-id=\"1238\">Pilsen<\/a> | <a href=\"http:\/\/www.maltexco.com\/web\/productos\/patagonia-malt\/maltas-base\/pale-ale\/\" data-type=\"page\" data-id=\"1241\">Pale Ale<\/a> | <a href=\"http:\/\/www.maltexco.com\/web\/productos\/patagonia-malt\/maltas-base\/vienna\/\" data-type=\"page\" data-id=\"1244\">Vienna<\/a> | <a href=\"http:\/\/www.maltexco.com\/web\/productos\/patagonia-malt\/maltas-base\/munich\/\" data-type=\"page\" data-id=\"1247\">Munich<\/a> | <a href=\"http:\/\/www.maltexco.com\/web\/productos\/patagonia-malt\/maltas-base\/trigo\/\" data-type=\"page\" data-id=\"1250\">Trigo<\/a>  | <a href=\"http:\/\/www.maltexco.com\/web\/productos\/patagonia-malt\/maltas-base\/melanoidina\/\">Melanoidina<\/a><\/p>\n\n\n\n<hr class=\"wp-block-separator is-style-wide\"\/>\n<\/div><\/div>\n\n\n\n<h4 class=\"wp-block-heading\"><span style=\"color:#04335f\" class=\"has-inline-color\">Extra Pale<\/span><\/h4>\n\n\n\n<div class=\"wp-block-image\"><figure class=\"alignright size-large is-resized\"><img loading=\"lazy\" decoding=\"async\" src=\"http:\/\/www.maltexco.com\/web\/wp-content\/uploads\/extra-pale.jpg\" alt=\"\" class=\"wp-image-1222\" width=\"200\" height=\"369\" srcset=\"https:\/\/www.maltexco.com\/web\/wp-content\/uploads\/extra-pale.jpg 200w, https:\/\/www.maltexco.com\/web\/wp-content\/uploads\/extra-pale-163x300.jpg 163w\" sizes=\"(max-width: 200px) 85vw, 200px\" \/><\/figure><\/div>\n\n\n\n<p><strong>Descripci\u00f3n<\/strong><\/p>\n\n\n\n<p>Descripci\u00f3n: Malta de color dorado p\u00e1lido y menor modificaci\u00f3n, de sabor y aroma m\u00e1s bien neutro sin notas indeseadas. La etapa de secado se realiza a mayores temperaturas para disminuir el precursor de DMS. Es una malta muy vers\u00e1til que se utiliza en diferentes estilos de cerveza<\/p>\n\n\n\n<p><strong>Caracter\u00edsticas<\/strong><\/p>\n\n\n\n<ul><li>Esta malta tiene una menor modificaci\u00f3n que la malta pilsen y por lo mismo se obtienen menores valores de FAN, Prote\u00edna Soluble y Kolbach.<\/li><li>Recomendamos una maceraci\u00f3n escalonada, obteniendo as\u00ed una m\u00e1xima extracci\u00f3n de azucares<\/li><li>Color: 3 &#8211; 4 EBC (1,6-2,0 L)<\/li><li>Uso en hasta un 100% dependiendo el estilo de cerveza<\/li><\/ul>\n","protected":false},"excerpt":{"rendered":"<p>Patagonia Malt &gt; Malta base &gt; Extra Pale | Pilsen | Pale Ale | Vienna | Munich | Trigo | Melanoidina Extra Pale Descripci\u00f3n Descripci\u00f3n: Malta de color dorado p\u00e1lido y menor modificaci\u00f3n, de sabor y aroma m\u00e1s bien neutro sin notas indeseadas. La etapa de secado se realiza a mayores temperaturas para disminuir el &hellip; <a href=\"https:\/\/www.maltexco.com\/web\/productos\/patagonia-malt\/maltas-base\/extra-pale\/\" class=\"more-link\">Continue reading<span class=\"screen-reader-text\"> &#8220;Extra Pale&#8221;<\/span><\/a><\/p>\n","protected":false},"author":1,"featured_media":0,"parent":439,"menu_order":0,"comment_status":"closed","ping_status":"closed","template":"","meta":{"_acf_changed":false,"footnotes":""},"acf":[],"_links":{"self":[{"href":"https:\/\/www.maltexco.com\/web\/wp-json\/wp\/v2\/pages\/1221"}],"collection":[{"href":"https:\/\/www.maltexco.com\/web\/wp-json\/wp\/v2\/pages"}],"about":[{"href":"https:\/\/www.maltexco.com\/web\/wp-json\/wp\/v2\/types\/page"}],"author":[{"embeddable":true,"href":"https:\/\/www.maltexco.com\/web\/wp-json\/wp\/v2\/users\/1"}],"replies":[{"embeddable":true,"href":"https:\/\/www.maltexco.com\/web\/wp-json\/wp\/v2\/comments?post=1221"}],"version-history":[{"count":29,"href":"https:\/\/www.maltexco.com\/web\/wp-json\/wp\/v2\/pages\/1221\/revisions"}],"predecessor-version":[{"id":1716,"href":"https:\/\/www.maltexco.com\/web\/wp-json\/wp\/v2\/pages\/1221\/revisions\/1716"}],"up":[{"embeddable":true,"href":"https:\/\/www.maltexco.com\/web\/wp-json\/wp\/v2\/pages\/439"}],"wp:attachment":[{"href":"https:\/\/www.maltexco.com\/web\/wp-json\/wp\/v2\/media?parent=1221"}],"curies":[{"name":"wp","href":"https:\/\/api.w.org\/{rel}","templated":true}]}}