{"id":14,"date":"2020-11-11T15:14:33","date_gmt":"2020-11-11T18:14:33","guid":{"rendered":"http:\/\/www.maltexco.com\/web\/?page_id=14"},"modified":"2026-01-29T16:15:56","modified_gmt":"2026-01-29T19:15:56","slug":"nosotros","status":"publish","type":"page","link":"https:\/\/www.maltexco.com\/web\/nosotros\/","title":{"rendered":"NOSOTROS"},"content":{"rendered":"\n<div class=\"wp-block-cover has-custom-content-position is-position-bottom-left\" style=\"background-image:url(http:\/\/www.maltexco.com\/web\/wp-content\/uploads\/fondo-tit-nosotros.jpg);background-position:77% 0%;min-height:100px;aspect-ratio:unset;\"><div class=\"wp-block-cover__inner-container is-layout-flow wp-block-cover-is-layout-flow\">\n<h4 class=\"wp-block-heading\">NOSOTROS<\/h4>\n<\/div><\/div>\n\n\n\n<div style=\"height:51px\" aria-hidden=\"true\" class=\"wp-block-spacer\"><\/div>\n\n\n\n<p class=\"has-medium-font-size\"><strong>Visi\u00f3n<\/strong><\/p>\n\n\n\n<p style=\"font-size:19px\"><img loading=\"lazy\" decoding=\"async\" width=\"35\" height=\"32\" class=\"wp-image-899\" style=\"width: 35px;\" src=\"http:\/\/www.maltexco.com\/web\/wp-content\/uploads\/comillas3.gif\" alt=\"\">    <em>Los esfuerzos de la compa\u00f1\u00eda se orientan&nbsp;en&nbsp;ser&nbsp;l\u00edderes&nbsp;en&nbsp;la producci\u00f3n y comercializaci\u00f3n de derivados de&nbsp;cereales&nbsp;que&nbsp;son&nbsp;utilizados como ingredientes y\/o productos terminados en las industrias de alimentos, cervezas y bebidas.&nbsp;&nbsp;<br>Trabajamos directamente con agricultores cerealeros de la zona centro sur de Chile, buscando las mejores condiciones de producci\u00f3n de calidad a nivel mundial. Todo esto basado en las necesidades demandas por nuestros clientes y un profundo conocimiento de los mercados.&nbsp; Buscamos que todas nuestras operaciones se realicen&nbsp;bajo&nbsp;est\u00e1ndares&nbsp;de sustentabilidad&nbsp;y&nbsp;de&nbsp;respeto&nbsp;y compromiso&nbsp;con&nbsp;las comunidades donde operamos. <\/em><img loading=\"lazy\" decoding=\"async\" width=\"35\" height=\"32\" class=\"wp-image-900\" style=\"width: 35px;\" src=\"http:\/\/www.maltexco.com\/web\/wp-content\/uploads\/comillas3-2.gif\" alt=\"\"><\/p>\n\n\n\n<div style=\"height:44px\" aria-hidden=\"true\" class=\"wp-block-spacer\"><\/div>\n\n\n\n<p class=\"has-medium-font-size\"><strong>Directorio y Gerencia<\/strong><\/p>\n\n\n\n<div class=\"wp-block-columns has-background is-layout-flex wp-container-core-columns-is-layout-1 wp-block-columns-is-layout-flex\" style=\"background-color:#f3f3ea\">\n<div class=\"wp-block-column is-layout-flow wp-block-column-is-layout-flow\">\n<p><strong>Presidente<\/strong><br>Cristi\u00e1n Herrera F.<br><br><strong>Vicepresidente<\/strong><br>Francisco Lav\u00edn C.<br><\/p>\n<\/div>\n\n\n\n<div class=\"wp-block-column is-layout-flow wp-block-column-is-layout-flow\">\n<p><strong>Directores<\/strong><br>Eduardo Chadwick C.<br>Andr\u00e9s Montero J.<br>Javier Covarrubias E.<br>Felipe Cruzat C.<br>Juan Pablo Edwards G.<\/p>\n<\/div>\n\n\n\n<div class=\"wp-block-column is-layout-flow wp-block-column-is-layout-flow\">\n<p><strong>Gerente General<br><\/strong>\u00c1lvaro Cruzat O.<\/p>\n\n\n\n<p><strong>Gerente Agr\u00edcola<\/strong> <br>Luis Eduardo Herrera F.<\/p>\n\n\n\n<p><strong>Gerente Comercial<\/strong><br>Andr\u00e9s Donoso-Torres L.<\/p>\n<\/div>\n\n\n\n<div class=\"wp-block-column is-layout-flow wp-block-column-is-layout-flow\">\n<p><strong>Gerente Administraci\u00f3n y Finanzas<br><\/strong>Francisco Alvarado V.<\/p>\n\n\n\n<p><strong>Gerente Operaciones<br><\/strong>Fernando Reyes B.<\/p>\n\n\n\n<p><strong>Subgerente de Personas<\/strong><br>Ximena Droguett  C.<\/p>\n<\/div>\n<\/div>\n\n\n\n<div style=\"height:46px\" aria-hidden=\"true\" class=\"wp-block-spacer\"><\/div>\n\n\n\n<p class=\"has-medium-font-size\"><strong>L\u00ednea de tiempo<\/strong><\/p>\n\n\n\n\t\t<!-- MasterSlider -->\n\t\t<div id=\"P_MS69e5e74f451a2\" class=\"master-slider-parent msl ms-parent-id-2\" style=\"\">\n\n\t\t\t\n\t\t\t<!-- MasterSlider Main -->\n\t\t\t<div id=\"MS69e5e74f451a2\" class=\"master-slider ms-skin-default\" >\n\t\t\t\t \t\t\t\t \n\t\t\t\t<div  class=\"ms-slide\" data-delay=\"3\" data-fill-mode=\"fit\"  >\n\t\t\t\t\t<img decoding=\"async\" src=\"https:\/\/www.maltexco.com\/web\/wp-content\/plugins\/master-slider\/public\/assets\/css\/blank.gif\" alt=\"\" title=\"\" data-src=\"https:\/\/www.maltexco.com\/web\/wp-content\/uploads\/linea-tiempo6-1.png\" \/>\n\n\n\t<div class=\"ms-thumb\" ><div class=\"ms-tab-context\"><div class=&quot;ms-tab-context&quot;><\/div><\/div>\n<\/div>\n\t\t\t\t<\/div>\n\t\t\t\t<div  class=\"ms-slide\" data-delay=\"3\" data-fill-mode=\"fit\"  >\n\t\t\t\t\t<img decoding=\"async\" src=\"https:\/\/www.maltexco.com\/web\/wp-content\/plugins\/master-slider\/public\/assets\/css\/blank.gif\" alt=\"\" title=\"\" data-src=\"https:\/\/www.maltexco.com\/web\/wp-content\/uploads\/linea-tiempo6-2.png\" \/>\n\n\n\t<div class=\"ms-thumb\" ><div class=\"ms-tab-context\"><div class=&quot;ms-tab-context&quot;><\/div><\/div>\n<\/div>\n\t\t\t\t<\/div>\n\t\t\t\t<div  class=\"ms-slide\" data-delay=\"3\" data-fill-mode=\"fit\"  >\n\t\t\t\t\t<img decoding=\"async\" src=\"https:\/\/www.maltexco.com\/web\/wp-content\/plugins\/master-slider\/public\/assets\/css\/blank.gif\" alt=\"\" title=\"\" data-src=\"https:\/\/www.maltexco.com\/web\/wp-content\/uploads\/linea-tiempo6-3.png\" \/>\n\n\n\t<div class=\"ms-thumb\" ><div class=\"ms-tab-context\"><div class=&quot;ms-tab-context&quot;><\/div><\/div>\n<\/div>\n\t\t\t\t<\/div>\n\n\t\t\t<\/div>\n\t\t\t<!-- END MasterSlider Main -->\n\n\t\t\t \n\t\t<\/div>\n\t\t<!-- END MasterSlider -->\n\n\t\t<script>\n\t\t(function ( $ ) {\n\t\t\t\"use strict\";\n\n\t\t\t$(function () {\n\t\t\t\tvar masterslider_51a2 = new MasterSlider();\n\n\t\t\t\t\/\/ slider controls\n\t\t\t\tmasterslider_51a2.control('arrows'     ,{ autohide:true, overVideo:true  });\n\t\t\t\t\/\/ slider setup\n\t\t\t\tmasterslider_51a2.setup(\"MS69e5e74f451a2\", {\n\t\t\t\t\t\twidth           : 1000,\n\t\t\t\t\t\theight          : 500,\n\t\t\t\t\t\tminHeight       : 300,\n\t\t\t\t\t\tspace           : 0,\n\t\t\t\t\t\tstart           : 1,\n\t\t\t\t\t\tgrabCursor      : false,\n\t\t\t\t\t\tswipe           : true,\n\t\t\t\t\t\tmouse           : true,\n\t\t\t\t\t\tlayout          : \"fullwidth\",\n\t\t\t\t\t\twheel           : false,\n\t\t\t\t\t\tautoplay        : false,\n\t\t\t\t\t\tinstantStartLayers:false,\n\t\t\t\t\t\tloop            : false,\n\t\t\t\t\t\tshuffle         : false,\n\t\t\t\t\t\tpreload         : 0,\n\t\t\t\t\t\theightLimit     : true,\n\t\t\t\t\t\tautoHeight      : false,\n\t\t\t\t\t\tsmoothHeight    : true,\n\t\t\t\t\t\tendPause        : false,\n\t\t\t\t\t\toverPause       : true,\n\t\t\t\t\t\tfillMode        : \"fill\",\n\t\t\t\t\t\tcenterControls  : true,\n\t\t\t\t\t\tstartOnAppear   : false,\n\t\t\t\t\t\tlayersMode      : \"center\",\n\t\t\t\t\t\thideLayers      : false,\n\t\t\t\t\t\tfullscreenMargin: 0,\n\t\t\t\t\t\tspeed           : 20,\n\t\t\t\t\t\tdir             : \"h\",\n\t\t\t\t\t\tparallaxMode    : 'swipe',\n\t\t\t\t\t\tview            : \"basic\"\n\t\t\t\t});\n\n\t\t\t\t\n\t\t\t\twindow.masterslider_instances = window.masterslider_instances || [];\n\t\t\t\twindow.masterslider_instances.push( masterslider_51a2 );\n\t\t\t });\n\n\t\t})(jQuery);\n\t\t<\/script>\n\n\n\n\n\n<div style=\"height:20px\" aria-hidden=\"true\" class=\"wp-block-spacer\"><\/div>\n\n\n\n<p><\/p>\n\n\n\n<div class=\"wp-block-cover is-light\"><span aria-hidden=\"true\" class=\"wp-block-cover__background has-background-dim-100 has-background-dim\" style=\"background-color:#f3f3ea\"><\/span><div class=\"wp-block-cover__inner-container is-layout-flow wp-block-cover-is-layout-flow\">\n<p class=\"has-text-align-left has-black-color has-text-color has-medium-font-size\"><strong>Nuestra Plantas<\/strong><\/p>\n\n\n<div class=\"wp-block-image\">\n<figure class=\"aligncenter size-large\"><img loading=\"lazy\" decoding=\"async\" width=\"859\" height=\"449\" src=\"http:\/\/www.maltexco.com\/web\/wp-content\/uploads\/mapa-plantas-6-2.gif\" alt=\"\" class=\"wp-image-2034\"\/><\/figure><\/div>\n\n\n<p><\/p>\n<\/div><\/div>\n\n\n\n<div style=\"height:30px\" aria-hidden=\"true\" class=\"wp-block-spacer\"><\/div>\n\n\n\n<div class=\"wp-block-columns is-layout-flex wp-container-core-columns-is-layout-2 wp-block-columns-is-layout-flex\">\n<div class=\"wp-block-column is-layout-flow wp-block-column-is-layout-flow\">\n<figure class=\"wp-block-image size-large\"><img loading=\"lazy\" decoding=\"async\" width=\"470\" height=\"348\" src=\"http:\/\/www.maltexco.com\/web\/wp-content\/uploads\/planta-talagante-slideN-1-1.jpg\" alt=\"\" class=\"wp-image-786\" srcset=\"https:\/\/www.maltexco.com\/web\/wp-content\/uploads\/planta-talagante-slideN-1-1.jpg 470w, https:\/\/www.maltexco.com\/web\/wp-content\/uploads\/planta-talagante-slideN-1-1-300x222.jpg 300w\" sizes=\"(max-width: 470px) 85vw, 470px\" \/><\/figure>\n\n\n\n<p class=\"has-text-align-left\"><strong>Planta Talagante<\/strong><br><em>Nuestra primera planta, con una ubicaci\u00f3n estrat\u00e9gica para clientes<br>nacionales, pero tambi\u00e9n para aquellos de exportaci\u00f3n al estar cerca de los principales puertos de la zona central de Chile tales como Puerto San Antonio y Valpara\u00edso. Sus instalaciones incluyen una malter\u00eda, tostadoras para la l\u00ednea de maltas especiales y el molino de malta.<\/em><\/p>\n<\/div>\n\n\n\n<div class=\"wp-block-column is-layout-flow wp-block-column-is-layout-flow\">\n<figure class=\"wp-block-image size-large\"><img loading=\"lazy\" decoding=\"async\" width=\"470\" height=\"348\" src=\"http:\/\/www.maltexco.com\/web\/wp-content\/uploads\/planta-temuco.jpg\" alt=\"\" class=\"wp-image-1434\" srcset=\"https:\/\/www.maltexco.com\/web\/wp-content\/uploads\/planta-temuco.jpg 470w, https:\/\/www.maltexco.com\/web\/wp-content\/uploads\/planta-temuco-300x222.jpg 300w\" sizes=\"(max-width: 470px) 85vw, 470px\" \/><\/figure>\n\n\n\n<p class=\"has-text-align-left\"><strong>Planta Temuco<\/strong><br><em>Planta ubicada en el coraz\u00f3n de la zona cerealera de Chile. <\/em><br><em>Sus instalaciones incluyen la planta de extracto de malta y una malter\u00eda.<\/em><\/p>\n<\/div>\n<\/div>\n\n\n\n<div class=\"wp-block-columns is-layout-flex wp-container-core-columns-is-layout-3 wp-block-columns-is-layout-flex\">\n<div class=\"wp-block-column is-layout-flow wp-block-column-is-layout-flow\">\n<figure class=\"wp-block-image size-large\"><img loading=\"lazy\" decoding=\"async\" width=\"470\" height=\"348\" src=\"http:\/\/www.maltexco.com\/web\/wp-content\/uploads\/planta-coronel-2.jpg\" alt=\"\" class=\"wp-image-1477\" srcset=\"https:\/\/www.maltexco.com\/web\/wp-content\/uploads\/planta-coronel-2.jpg 470w, https:\/\/www.maltexco.com\/web\/wp-content\/uploads\/planta-coronel-2-300x222.jpg 300w\" sizes=\"(max-width: 470px) 85vw, 470px\" \/><\/figure>\n\n\n\n<p class=\"has-text-align-left\"><strong><strong>Planta Coronel<\/strong><\/strong><br><em>Planta adquirida el 2011 por la compa\u00f1\u00eda con la intenci\u00f3n de potenciar la producci\u00f3n de malta para el mercado de exportaci\u00f3n. Ubicada estrat\u00e9gicamente en la costa de la VIII regi\u00f3n cerca de los puertos graneleros de Chile<\/em>.<\/p>\n\n\n\n<p class=\"has-text-align-left\"><br><\/p>\n<\/div>\n\n\n\n<div class=\"wp-block-column is-layout-flow wp-block-column-is-layout-flow\">\n<figure class=\"wp-block-image size-large\"><img loading=\"lazy\" decoding=\"async\" width=\"470\" height=\"348\" src=\"http:\/\/www.maltexco.com\/web\/wp-content\/uploads\/planta-cajon-slideN-4-2.jpg\" alt=\"\" class=\"wp-image-1195\" srcset=\"https:\/\/www.maltexco.com\/web\/wp-content\/uploads\/planta-cajon-slideN-4-2.jpg 470w, https:\/\/www.maltexco.com\/web\/wp-content\/uploads\/planta-cajon-slideN-4-2-300x222.jpg 300w\" sizes=\"(max-width: 470px) 85vw, 470px\" \/><\/figure>\n\n\n\n<p class=\"has-text-align-left\"><strong>Planta Caj\u00f3n<\/strong><em>&nbsp;<\/em><br><em>Planta de almacenamiento ubicada en el coraz\u00f3n de la producci\u00f3n de cebada en Chile.<\/em><\/p>\n<\/div>\n<\/div>\n\n\n\n<div style=\"height:37px\" aria-hidden=\"true\" class=\"wp-block-spacer\"><\/div>\n\n\n\n<div class=\"wp-block-cover is-light\"><span aria-hidden=\"true\" class=\"wp-block-cover__background has-light-gray-background-color has-background-dim-100 has-background-dim\"><\/span><div class=\"wp-block-cover__inner-container is-layout-flow wp-block-cover-is-layout-flow\">\n<p class=\"has-dark-gray-color has-text-color has-medium-font-size\"><strong>Comprometidos con la excelencia y la confianza<\/strong><\/p>\n\n\n<div class=\"wp-block-image\">\n<figure class=\"alignleft size-full is-resized\"><img loading=\"lazy\" decoding=\"async\" width=\"400\" height=\"285\" src=\"http:\/\/www.maltexco.com\/web\/wp-content\/uploads\/calidad-certificaciones.jpg\" alt=\"\" class=\"wp-image-1482\" style=\"width:286px;height:204px\" srcset=\"https:\/\/www.maltexco.com\/web\/wp-content\/uploads\/calidad-certificaciones.jpg 400w, https:\/\/www.maltexco.com\/web\/wp-content\/uploads\/calidad-certificaciones-300x214.jpg 300w\" sizes=\"(max-width: 400px) 85vw, 400px\" \/><\/figure><\/div>\n\n\n<p class=\"has-medium-gray-color has-text-color\" style=\"font-size:19px\"><em>En Maltexco operamos con un Sistema de Gesti\u00f3n Integrado (SGI) que garantiza altos est\u00e1ndares en seguridad alimentaria, sostenibilidad, \u00e9tica empresarial y eficiencia energ\u00e9tica. Este enfoque integral nos permite optimizar continuamente nuestros procesos, asegurar la calidad de nuestros productos y fortalecer la confianza de nuestros clientes.<\/em><\/p>\n\n\n\n<p><em>Respaldamos nuestro compromiso con reconocidas certificaciones y evaluaciones internacionales, entre ellas:&nbsp;<strong>FSSC 22000, ISO 22000, ISO 50001, SMETA y FSA-SAI<\/strong>.<\/em><\/p>\n\n\n\n<div style=\"height:45px\" aria-hidden=\"true\" class=\"wp-block-spacer\"><\/div>\n\n\n\n<div class=\"wp-block-columns is-layout-flex wp-container-core-columns-is-layout-4 wp-block-columns-is-layout-flex\">\n<div class=\"wp-block-column is-layout-flow wp-block-column-is-layout-flow\">\n<figure class=\"wp-block-gallery has-nested-images columns-default is-cropped wp-block-gallery-1 is-layout-flex wp-block-gallery-is-layout-flex\">\n<figure class=\"wp-block-image size-large is-style-default\"><img loading=\"lazy\" decoding=\"async\" width=\"1024\" height=\"598\" src=\"https:\/\/www.maltexco.com\/web\/wp-content\/uploads\/BVCER_withoutQR-FSSC-22000-1024x598.png\" alt=\"\" class=\"wp-image-2783\" srcset=\"https:\/\/www.maltexco.com\/web\/wp-content\/uploads\/BVCER_withoutQR-FSSC-22000-1024x598.png 1024w, https:\/\/www.maltexco.com\/web\/wp-content\/uploads\/BVCER_withoutQR-FSSC-22000-300x175.png 300w, https:\/\/www.maltexco.com\/web\/wp-content\/uploads\/BVCER_withoutQR-FSSC-22000-768x448.png 768w, https:\/\/www.maltexco.com\/web\/wp-content\/uploads\/BVCER_withoutQR-FSSC-22000-1200x700.png 1200w, https:\/\/www.maltexco.com\/web\/wp-content\/uploads\/BVCER_withoutQR-FSSC-22000.png 1419w\" sizes=\"(max-width: 709px) 85vw, (max-width: 909px) 67vw, (max-width: 1362px) 62vw, 840px\" \/><\/figure>\n<\/figure>\n\n\n\n<p class=\"has-medium-gray-color has-text-color has-small-font-size\"><span class=\"has-inline-color has-dark-gray-color\">Planta <strong><a href=\"https:\/\/www.maltexco.com\/web\/wp-content\/uploads\/MALTEXCO-S.A.-FSSC-22000.pdf\" target=\"_blank\" rel=\"noreferrer noopener\">Temu<\/a><a href=\"https:\/\/www.maltexco.com\/web\/wp-content\/uploads\/CERTIFICADO-MALTEXCO-S.A.-TEMUCO-FSSC-22000-v.6.pdf\" target=\"_blank\" rel=\"noreferrer noopener\">c<\/a><a href=\"https:\/\/www.maltexco.com\/web\/wp-content\/uploads\/Certificate_MALTEXCO-S.A-FSSC-V-5.1.pdf\">o<\/a><\/strong><\/span><\/p>\n<\/div>\n\n\n\n<div class=\"wp-block-column is-layout-flow wp-block-column-is-layout-flow\">\n<figure class=\"wp-block-image size-large\"><img loading=\"lazy\" decoding=\"async\" width=\"1024\" height=\"598\" src=\"https:\/\/www.maltexco.com\/web\/wp-content\/uploads\/BVCER_withoutQR-FSSC-22000-1024x598.png\" alt=\"\" class=\"wp-image-2783\" srcset=\"https:\/\/www.maltexco.com\/web\/wp-content\/uploads\/BVCER_withoutQR-FSSC-22000-1024x598.png 1024w, https:\/\/www.maltexco.com\/web\/wp-content\/uploads\/BVCER_withoutQR-FSSC-22000-300x175.png 300w, https:\/\/www.maltexco.com\/web\/wp-content\/uploads\/BVCER_withoutQR-FSSC-22000-768x448.png 768w, https:\/\/www.maltexco.com\/web\/wp-content\/uploads\/BVCER_withoutQR-FSSC-22000-1200x700.png 1200w, https:\/\/www.maltexco.com\/web\/wp-content\/uploads\/BVCER_withoutQR-FSSC-22000.png 1419w\" sizes=\"(max-width: 709px) 85vw, (max-width: 909px) 67vw, (max-width: 1362px) 62vw, 840px\" \/><\/figure>\n\n\n\n<p class=\"has-small-font-size\">Planta<a href=\"https:\/\/www.maltexco.com\/web\/wp-content\/uploads\/PLANTA-TALAGANTE-FSSC-22000-.pdf\" data-type=\"link\" data-id=\"https:\/\/www.maltexco.com\/web\/wp-content\/uploads\/Certificate_Maltexco-S.A._Main__22-November-2024_With-BG.pdf\" target=\"_blank\" rel=\"noreferrer noopener\">Talagante<\/a><\/p>\n\n\n\n<p class=\"has-small-font-size\"><\/p>\n<\/div>\n\n\n\n<div class=\"wp-block-column is-layout-flow wp-block-column-is-layout-flow\">\n<figure class=\"wp-block-image size-large\"><img loading=\"lazy\" decoding=\"async\" width=\"1024\" height=\"598\" src=\"https:\/\/www.maltexco.com\/web\/wp-content\/uploads\/BVCER_withoutQR-ISO-22000-1024x598.png\" alt=\"\" class=\"wp-image-2784\" srcset=\"https:\/\/www.maltexco.com\/web\/wp-content\/uploads\/BVCER_withoutQR-ISO-22000-1024x598.png 1024w, https:\/\/www.maltexco.com\/web\/wp-content\/uploads\/BVCER_withoutQR-ISO-22000-300x175.png 300w, https:\/\/www.maltexco.com\/web\/wp-content\/uploads\/BVCER_withoutQR-ISO-22000-768x448.png 768w, https:\/\/www.maltexco.com\/web\/wp-content\/uploads\/BVCER_withoutQR-ISO-22000-1200x700.png 1200w, https:\/\/www.maltexco.com\/web\/wp-content\/uploads\/BVCER_withoutQR-ISO-22000.png 1419w\" sizes=\"(max-width: 709px) 85vw, (max-width: 909px) 67vw, (max-width: 1362px) 62vw, 840px\" \/><\/figure>\n\n\n\n<p class=\"has-text-align-center has-medium-gray-color has-text-color has-small-font-size\">Planta <strong><a href=\"https:\/\/www.maltexco.com\/web\/wp-content\/uploads\/MALTEXCO-S.A._ISO-22.000-Coronel.pdf\" data-type=\"URL\" data-id=\"https:\/\/www.maltexco.com\/web\/wp-content\/uploads\/MALTEXCO-S.A._ISO-22.000-Coronel.pdf\" target=\"_blank\" rel=\"noreferrer noopener\">Coronel<\/a><\/strong><\/p>\n<\/div>\n\n\n\n<div class=\"wp-block-column is-layout-flow wp-block-column-is-layout-flow\"><div class=\"wp-block-image\">\n<figure class=\"aligncenter size-large is-resized\"><img loading=\"lazy\" decoding=\"async\" width=\"153\" height=\"119\" src=\"http:\/\/www.maltexco.com\/web\/wp-content\/uploads\/halal.gif\" alt=\"\" class=\"wp-image-866\" style=\"width:90px;height:auto\"\/><\/figure><\/div>\n\n\n<p class=\"has-text-align-center has-medium-gray-color has-text-color has-small-font-size\">Planta <strong><a href=\"https:\/\/www.maltexco.com\/web\/wp-content\/uploads\/Maltexco-Temuco-2026.pdf\" data-type=\"URL\" data-id=\"https:\/\/www.maltexco.com\/web\/wp-content\/uploads\/2024-01-17_092952.jpg\" target=\"_blank\" rel=\"noreferrer noopener\">Temuco<\/a> <\/strong>y<strong> <a href=\"https:\/\/www.maltexco.com\/web\/wp-content\/uploads\/Maltexco-Talagante-2026.pdf\" data-type=\"URL\" data-id=\"https:\/\/www.maltexco.com\/web\/wp-content\/uploads\/2024-01-17_092782.jpg\" target=\"_blank\" rel=\"noreferrer noopener\">Talagante<\/a><\/strong><\/p>\n<\/div>\n\n\n\n<div class=\"wp-block-column is-layout-flow wp-block-column-is-layout-flow\">\n<figure class=\"wp-block-image size-large is-resized is-style-default\"><img loading=\"lazy\" decoding=\"async\" width=\"1024\" height=\"598\" src=\"https:\/\/www.maltexco.com\/web\/wp-content\/uploads\/BVCER_withoutQR-ISO-50001-1024x598.png\" alt=\"\" class=\"wp-image-2785\" style=\"width:256px\" srcset=\"https:\/\/www.maltexco.com\/web\/wp-content\/uploads\/BVCER_withoutQR-ISO-50001-1024x598.png 1024w, https:\/\/www.maltexco.com\/web\/wp-content\/uploads\/BVCER_withoutQR-ISO-50001-300x175.png 300w, https:\/\/www.maltexco.com\/web\/wp-content\/uploads\/BVCER_withoutQR-ISO-50001-768x448.png 768w, https:\/\/www.maltexco.com\/web\/wp-content\/uploads\/BVCER_withoutQR-ISO-50001-1200x700.png 1200w, https:\/\/www.maltexco.com\/web\/wp-content\/uploads\/BVCER_withoutQR-ISO-50001.png 1419w\" sizes=\"(max-width: 709px) 85vw, (max-width: 909px) 67vw, (max-width: 1362px) 62vw, 840px\" \/><\/figure>\n\n\n\n<p class=\"has-dark-gray-color has-text-color has-small-font-size\">Planta <a href=\"https:\/\/www.maltexco.com\/web\/wp-content\/uploads\/MALTEXCO-S.A.-50001-v.1.pdf\" target=\"_blank\" rel=\"noreferrer noopener\"><strong>Talagante, Temuco y Coronel<\/strong><\/a><\/p>\n<\/div>\n\n\n\n<div class=\"wp-block-column is-layout-flow wp-block-column-is-layout-flow\">\n<figure class=\"wp-block-image size-large is-resized\"><img loading=\"lazy\" decoding=\"async\" width=\"964\" height=\"878\" src=\"https:\/\/www.maltexco.com\/web\/wp-content\/uploads\/Logo_Kosher.png\" alt=\"\" class=\"wp-image-2312\" style=\"aspect-ratio:1.1126760563380282;width:80px;height:auto\" srcset=\"https:\/\/www.maltexco.com\/web\/wp-content\/uploads\/Logo_Kosher.png 964w, https:\/\/www.maltexco.com\/web\/wp-content\/uploads\/Logo_Kosher-300x273.png 300w, https:\/\/www.maltexco.com\/web\/wp-content\/uploads\/Logo_Kosher-768x699.png 768w\" sizes=\"(max-width: 709px) 85vw, (max-width: 909px) 67vw, (max-width: 1362px) 62vw, 840px\" \/><\/figure>\n\n\n\n<p class=\"has-text-align-center has-medium-gray-color has-text-color has-small-font-size\">Planta<strong> <a href=\"https:\/\/www.maltexco.com\/web\/wp-content\/uploads\/CK_UK-MALTEXCO_PLANTA_TEMUCO_CK_2024.pdf\" data-type=\"URL\" data-id=\"https:\/\/www.maltexco.com\/web\/wp-content\/uploads\/MALTEXCO-S.A-PLANTA-TEMUCO-2023.pdf\" target=\"_blank\" rel=\"noreferrer noopener\">Temuco<\/a> <\/strong>y<strong> <a href=\"https:\/\/www.maltexco.com\/web\/wp-content\/uploads\/CERTIFICADO-MALTEXCO-S.A.-PLANTA-TALAGANTE.pdf\" target=\"_blank\" rel=\"noreferrer noopener\">Talagante<\/a><\/strong> .<\/p>\n<\/div>\n\n\n\n<div class=\"wp-block-column is-layout-flow wp-block-column-is-layout-flow\">\n<figure class=\"wp-block-image size-large is-resized is-style-default\"><img loading=\"lazy\" decoding=\"async\" width=\"576\" height=\"217\" src=\"https:\/\/www.maltexco.com\/web\/wp-content\/uploads\/Energia-1.png\" alt=\"\" class=\"wp-image-2340\" style=\"width:163px;height:61px\" srcset=\"https:\/\/www.maltexco.com\/web\/wp-content\/uploads\/Energia-1.png 576w, https:\/\/www.maltexco.com\/web\/wp-content\/uploads\/Energia-1-300x113.png 300w\" sizes=\"(max-width: 576px) 85vw, 576px\" \/><\/figure>\n\n\n\n<p class=\"has-text-align-center has-medium-gray-color has-text-color has-small-font-size\"><a href=\"https:\/\/www.maltexco.com\/web\/wp-content\/uploads\/Politica-de-energia-v.1.pdf\" target=\"_blank\" rel=\"noreferrer noopener\"><strong>Pol\u00edtica Energ\u00e9tica<\/strong><\/a><\/p>\n<\/div>\n\n\n\n<div class=\"wp-block-column is-layout-flow wp-block-column-is-layout-flow\">\n<figure class=\"wp-block-image size-large is-resized\"><img loading=\"lazy\" decoding=\"async\" width=\"532\" height=\"716\" src=\"https:\/\/www.maltexco.com\/web\/wp-content\/uploads\/Politica-1.png\" alt=\"\" class=\"wp-image-2262\" style=\"aspect-ratio:0.7454545454545455;width:68px;height:auto\" srcset=\"https:\/\/www.maltexco.com\/web\/wp-content\/uploads\/Politica-1.png 532w, https:\/\/www.maltexco.com\/web\/wp-content\/uploads\/Politica-1-223x300.png 223w\" sizes=\"(max-width: 532px) 85vw, 532px\" \/><\/figure>\n\n\n\n<p class=\"has-text-align-left has-small-font-size\"><a href=\"https:\/\/www.maltexco.com\/web\/wp-content\/uploads\/Politica-de-Calidad-Inocuidad-y-Medio-Ambiente-v.6.pdf\" data-type=\"URL\" target=\"_blank\" rel=\"noreferrer noopener\"><span class=\"has-inline-color has-medium-gray-color\"><strong>Pol\u00edtica de Calidad, Inocuidad Medio Ambiente<\/strong><\/span><\/a><\/p>\n<\/div>\n<\/div>\n\n\n\n<p class=\"has-text-align-center has-medium-gray-color has-text-color has-small-font-size\">Puede descargar certificados por planta pinchando en el texto que corresponda.<\/p>\n<\/div><\/div>\n\n\n\n<p><\/p>\n\n\n\n<div class=\"wp-block-cover is-light\" style=\"min-height:323px;aspect-ratio:unset;\"><span aria-hidden=\"true\" class=\"wp-block-cover__background has-light-gray-background-color has-background-dim-100 has-background-dim\"><\/span><div class=\"wp-block-cover__inner-container is-layout-flow wp-block-cover-is-layout-flow\">\n<p class=\"has-dark-gray-color has-text-color has-medium-font-size\"><strong>C\u00f3digo de conducta y mejores pr\u00e1cticas<\/strong>:<\/p>\n\n\n\n<p class=\"has-dark-gray-color has-text-color\"><em>El c\u00f3digo de conducta de Maltexco, persigue proporcionar ciertos lineamientos con el prop\u00f3sito de reforzar el comportamiento \u00e9tico e \u00edntegro de nuestros colaboradores y por consiguiente de la empresa. Es una gu\u00eda para que todos respetemos nuestros valores corporativos como principios b\u00e1sicos y que deben estar presentes en nuestras actividades cotidianas.<br>El C\u00f3digo de Conducta nos guiar\u00e1 para enfrentar retos en nuestra cotidianidad laboral, as\u00ed como tambi\u00e9n esperamos nos permita establecer relaciones respetuosas con nuestros grupos de inter\u00e9s. Como grupos de inter\u00e9s, nos referimos a colaboradores, clientes, competencia y proveedores presentes en todos los lugares donde operamos.<\/em><\/p>\n\n\n\n<p class=\"has-dark-gray-color has-text-color\"><em>Puede Descargar el documento<strong> <a href=\"https:\/\/www.maltexco.com\/web\/wp-content\/uploads\/codigo-conducta-2023.pdf\" data-type=\"URL\" target=\"_blank\" rel=\"noreferrer noopener\">aqu\u00ed.<\/a><\/strong><\/em><\/p>\n<\/div><\/div>\n\n\n\n<p><\/p>\n","protected":false},"excerpt":{"rendered":"<p>Visi\u00f3n Los esfuerzos de la compa\u00f1\u00eda se orientan&nbsp;en&nbsp;ser&nbsp;l\u00edderes&nbsp;en&nbsp;la producci\u00f3n y comercializaci\u00f3n de derivados de&nbsp;cereales&nbsp;que&nbsp;son&nbsp;utilizados como ingredientes y\/o productos terminados en las industrias de alimentos, cervezas y bebidas.&nbsp;&nbsp;Trabajamos directamente con agricultores cerealeros de la zona centro sur de Chile, buscando las mejores condiciones de producci\u00f3n de calidad a nivel mundial. Todo esto basado en las necesidades &hellip; <a href=\"https:\/\/www.maltexco.com\/web\/nosotros\/\" class=\"more-link\">Continue reading<span class=\"screen-reader-text\"> &#8220;NOSOTROS&#8221;<\/span><\/a><\/p>\n","protected":false},"author":3,"featured_media":0,"parent":0,"menu_order":0,"comment_status":"closed","ping_status":"closed","template":"","meta":{"_acf_changed":false,"footnotes":""},"acf":[],"_links":{"self":[{"href":"https:\/\/www.maltexco.com\/web\/wp-json\/wp\/v2\/pages\/14"}],"collection":[{"href":"https:\/\/www.maltexco.com\/web\/wp-json\/wp\/v2\/pages"}],"about":[{"href":"https:\/\/www.maltexco.com\/web\/wp-json\/wp\/v2\/types\/page"}],"author":[{"embeddable":true,"href":"https:\/\/www.maltexco.com\/web\/wp-json\/wp\/v2\/users\/3"}],"replies":[{"embeddable":true,"href":"https:\/\/www.maltexco.com\/web\/wp-json\/wp\/v2\/comments?post=14"}],"version-history":[{"count":337,"href":"https:\/\/www.maltexco.com\/web\/wp-json\/wp\/v2\/pages\/14\/revisions"}],"predecessor-version":[{"id":2961,"href":"https:\/\/www.maltexco.com\/web\/wp-json\/wp\/v2\/pages\/14\/revisions\/2961"}],"wp:attachment":[{"href":"https:\/\/www.maltexco.com\/web\/wp-json\/wp\/v2\/media?parent=14"}],"curies":[{"name":"wp","href":"https:\/\/api.w.org\/{rel}","templated":true}]}}